at is o(p)?
1
Let j(g) = -g**3 + 5*g**2 + 2*g - 8. Let t be 2/(-3 + 50/15). What is j(t)?
-32
Let u(x) = x - 4. Let t(w) = 2*w - 7. Let m(s) = -3*t(s) + 5*u(s). Determine m(-3).
4
Let h(d) = d**3 - 4*d**2 - 4*d - 3. Let l be h(5). Let y(o) = -o + 1 + 0 + l*o. Determine y(-3).
-2
Suppose 1 = z - 4. Let b(v) = -v**2 + 5*v + 3. Let c be b(z). Let j(s) = 5 - c + 0*s + s. Give j(4).
6
Let y(v) be the first derivative of -v**5/120 + 2*v**3 + 2. Let k(g) be the third derivative of y(g). Let s = 4 + -3. Determine k(s).
-1
Let y(d) = 2*d**3 - 4*d - 3. Let j(g) = -g + 10. Let f be j(9). Suppose -h + f - 3 = 0. Give y(h).
-11
Let r(t) = -t - 6. Suppose 0 = -v + 4*h - 12, 0*h - 4*h = -12. Give r(v).
-6
Let r be (-1 - (-3 - -2))*1. Let f be 1 + r + (-1 - -1). Let s(m) = -m**3 + m + 1. Let l(u) = -2*u**3 + u**2 + 2*u + 3. Let v(i) = -l(i) + 3*s(i). What is v(f)?
-1
Let w(r) = -5*r + 4*r**2 - 3*r**2 + 2*r**2 - 1 + 7*r - r**3. Calculate w(4).
-9
Suppose -4*j - 8 = -2*j. Let x(s) = 2*s - 2*s + 6 + 2*s. Calculate x(j).
-2
Suppose 2*f - 2*t - 13 + 5 = 0, 8 = -f - 3*t. Let q be (-8)/4 + 2*f. Let x(n) = 0 + n**2 + 1 + q + 4*n. Determine x(-2).
-3
Let h(p) = 3*p**2. Let o(m) = -m**2 - 10*m - 18. Let k be o(-8). Calculate h(k).
12
Let o = 11 - 9. Let r(x) = -6*x**2 + 6*x - 1. Let a(q) = -7*q**2 + 7*q - 1. Let g(h) = 3*a(h) - 4*r(h). What is g(o)?
7
Let p(i) be the third derivative of -2*i**2 + 5/6*i**3 - 1/12*i**4 + 0*i + 0. Give p(4).
-3
Let q(v) = 13*v**2 + 23*v + 19. Let u(l) = 3*l**2 + 6*l + 5. Let i(y) = 2*q(y) - 9*u(y). Suppose -3*z = 15 - 0. Determine i(z).
8
Let r(m) = 2*m. Let a be -4 - (-2 + 2)/3. Let w be (-96)/(-42) + a/14. Calculate r(w).
4
Let k(d) = -2*d + 2. Suppose -4*b - 14 = 2, -2*a = -4*b - 20. What is k(a)?
-2
Let u(t) = t**3 + t**2. Let j(r) = -r**3 + 2*r**2 + r - 4. Let s(n) = j(n) + 2*u(n). Suppose 12 = -5*f - 3. Give s(f).
2
Let q(k) be the first derivative of -k**6/120 + k**5/15 - 5*k**4/24 + k**3/3 + k**2/2 + 4. Let g(v) be the second derivative of q(v). Give g(3).
-4
Let m(a) be the third derivative of -a**5/60 - 5*a**4/12 - 3*a**3/2 + 39*a**2 - a. What is m(-7)?
12
Let x(k) be the third derivative of k**6/120 - k**5/30 + k**4/12 - k**3/6 - 3*k**2. Let b be x(1). Let v(w) = -5*w + 3 + 0*w + 4*w. Give v(b).
3
Let f = 0 + 2. Let q(x) = 3*x - f*x - 2*x - 4. Let r = -205 - -205. Give q(r).
-4
Let v = -12 + 23. Let q(t) = -v*t**2 - 7*t + 3*t + 10*t**2 + 3 - 1. Determine q(-5).
-3
Let z(t) = -20*t**2 - 1. Suppose 1 = -5*j - 4. What is z(j)?
-21
Let r(z) be the third derivative of -z**8/2520 - z**6/720 - 7*z**5/60 - z**2. Let g(b) be the third derivative of r(b). What is g(1)?
-9
Suppose -2*f + 4 = -2*o, -6*o + 3*o = -f. Let a(k) = 7*k - 11. Let p(w) = 271 - 7*w + 3*w - 265. Let q(j) = f*a(j) + 5*p(j). Give q(5).
2
Let p = -233 - -233. Let w(x) be the third derivative of x**7/5040 + x**6/180 - x**5/60 - x**2. Let g(r) be the third derivative of w(r). Give g(p).
4
Let a(f) = -7*f**3 + f**2 - 1. Let v be 10/45 + 2/(-9) - 1. Give a(v).
7
Let m = 140 + -143. Let x(c) = -c**3 - 5*c**2 - 4*c - 2. Calculate x(m).
-8
Let d(l) = 3*l - 3. Suppose 0 = -15*u + 7*u + 24. Give d(u).
6
Suppose -2*g - 3*b - 10 = -g, 5*g - 5*b - 50 = 0. Let y(p) = -p**2 + 7*p. Calculate y(g).
10
Let m(y) = -4*y**3 - 2*y**2 - 5*y + 2. Let w(r) = -21*r**3 - 9*r**2 - 26*r + 11. Let h(q) = -11*m(q) + 2*w(q). Determine h(-2).
-6
Suppose -5*v - 1 = 3*c - 57, v - 6 = 2*c. Suppose -4*l - 3 = -3*h - v, l = -2. Let p(m) = -11*m**2 + 1 - 4*m - 7*m**2 + 17*m**2. Calculate p(h).
-4
Suppose -4*r + 5 = -3*r. Suppose 5*w + 0 = -r. Let x(k) = k**3 - k + 1. Let z(h) = 3*h**3 + 3*h - 1. Let p(m) = -2*x(m) - z(m). Give p(w).
5
Suppose 22 = 4*d - 5*r, -3*d - 4*r - 1 = -2. Let s(v) = -4 + d + 2 + 8*v**3 - 2*v + v**2. Let j = 3 + -2. Give s(j).
8
Suppose 6*i - 10 = 4*i. Let p(c) = -6*c - 2*c**2 + 1 + i*c + c**2 - 2*c**2. What is p(1)?
-3
Let m(z) = 2*z + 10. Suppose -4*b + 6*b = 2*s, -2*b = -s + 3. Let p be m(s). Let q(j) = j**2 - 2*j - 5. Determine q(p).
3
Suppose -2*v = 4, -v - 40 + 14 = -4*b. Let a(k) = -k**2 + 5*k + 1. Give a(b).
-5
Let z(c) = 7*c + 6. Let r(d) = 4*d + 3. Let p(y) = 11*r(y) - 6*z(y). Give p(4).
5
Let l(d) = -d - 8. Suppose -5*b + 4*y - 14 - 36 = 0, 4*y - 20 = 0. Calculate l(b).
-2
Let n(t) = -2*t**2 + 2*t - 5. Let c(f) = -1. Let b(a) = -2*c(a) + n(a). Let z(q) = q + 5. Let p be z(-3). Let j be (p/4)/(2/8). Give b(j).
-7
Let q(t) = -8*t**2 - t. Suppose -r - 3*z - 16 = 0, -r - 2*z = 6 + 5. Determine q(r).
-7
Let q(n) = -3*n - 6. Let y(x) = -x**3 - 8*x**2 - 5*x + 10. Let d be (-6 + 2)*2 + 1. Let c be y(d). Give q(c).
6
Let p(n) = n**2 - 5 - n + n**3 + 1 + 4. Suppose 0 = 2*m + 4. Give p(m).
-2
Let o(h) be the second derivative of -h**5/20 + h**4/2 - h**3/3 + 9*h**2/2 - h + 16. Determine o(6).
-3
Let a(x) = -x**3 + 3*x**2 + 4*x + 2. Let q = 20 + 5. Suppose 0*s - 4*s = 3*r - 21, -q = -4*s + r. Let z = s - 2. Determine a(z).
2
Let r(z) be the first derivative of z**4/6 + z**3/3 + z**2/2 + 1. Let t(m) be the second derivative of r(m). Give t(-2).
-6
Let c(a) = -3*a**2 + 1. Let x be (-11 + 6)*(-4)/10. Let g be x - 5/(10/4). Suppose -4*o - 4 = -g. Determine c(o).
-2
Let y(d) = 2 - 4*d**3 - d**2 + 1 + 3*d**3 + 5*d. Let s = -9 + 5. Let a = s + 1. Give y(a).
6
Let x(q) = -6*q**3 + q**2. Let u be x(1). Let i(y) be the third derivative of -3*y**2 + 1/8*y**4 + 0 + 1/10*y**5 + 0*y - 1/2*y**3 + 1/120*y**6. What is i(u)?
7
Suppose 4 = -7*a + 46. Let c(v) = v**2 - 5*v - 1. Give c(a).
5
Let h(d) = 4 + 0 + 2 + d. Give h(-5).
1
Let n(a) be the third derivative of a**4/6 + 7*a**3/6 + 4*a**2. What is n(-6)?
-17
Let g(q) = -3*q**2 + q**3 - 2 + 0 + 4. Let n(v) = v + 3. Let b be n(5). Let t be b/(-6)*3/(-2). Give g(t).
-2
Suppose -y + 4*y - 9 = 0. Let j(k) = -59 - 3*k + 31 + 32. What is j(y)?
-5
Let f(a) = -2 - 2*a + 4*a - 2 - 3. Determine f(6).
5
Suppose 0 = -x + 3 - 2, w = -3*x + 4. Let z(s) = w - 6*s**3 + 0*s**3 + 0 + 2*s**2 - 3*s + 5*s. Give z(-1).
7
Let j(w) = -w**3 - 6*w**2 - 7*w - 6. Suppose 0 = -3*v + 12, 2*r - 4*v + 26 = -0*r. Calculate j(r).
4
Let s(l) = 9*l - 11. Let c(b) = 4*b - 5. Suppose -2*m - 2*f = -8, -2 = -f - 1. Let k(d) = m*s(d) - 7*c(d). What is k(-3)?
5
Let t(q) = 1 + 1 - 2 + q**2 + 6. What is t(0)?
6
Suppose -3*d - 6 = -d. Let n(z) = -z**3 - 2*z**2 + z + 1. Give n(d).
7
Let v(i) be the first derivative of 1/24*i**4 + 0*i**3 + 0*i - 1 - 3/2*i**2. Let q(m) be the second derivative of v(m). Calculate q(-4).
-4
Let u(a) = -a**2 + 4*a + 3. Let s be u(4). Let p be 1/(-3) + (-11)/s. Let w(h) = -2*h**3 - 2 + 3*h**2 - 6*h + 4*h**3 - h**3 + 0*h**2. Give w(p).
6
Let o(r) = -r**2 + 3*r + 4. Suppose -2*y + 2 = -3*a - 14, -16 = -2*y - 3*a. Let d = -4 + y. Determine o(d).
0
Let a be (1/(4 - 6))/(-12). Let f(u) be the third derivative of -a*u**4 + 0 - u**2 + 0*u + 1/2*u**3. What is f(0)?
3
Let g be -2 - -5 - 0/2. Let t(y) = 3*y - 3. Determine t(g).
6
Let k(i) = 2*i + 1. Let y be k(1). Let w(z) = -7*z - 4 + 0 - 3*z + y. Determine w(1).
-11
Let a(m) = 4 + 2*m + 9 - 15. Give a(-2).
-6
Let c(y) = -y**2 + y - 1. Let f be c(1). Let x(g) = -g. Suppose 2*u = 7*u + 5. Let h(v) = 11*v - 1. Let t(o) = u*h(o) - 6*x(o). What is t(f)?
6
Let p(j) = 7*j**3 + 2*j - 1. Let f(x) = x**2 - 11*x + 25. Let h be f(8). Give p(h).
8
Let q(x) = -x**2 + 5*x + 4. Let i be q(6). Let k(o) be the second derivative of o**4/3 + 2*o**3/3 + o**2 - o. Determine k(i).
10
Suppose -6*f = 6 - 0. Let n(b) = -b**3 - b**2 - b - 1. Determine n(f).
0
Let k be ((-2)/6 - -1)*3. Let j(t) = t**2 + t. Let q(y) = -13*y**2 + 1. Let g(u) = k*j(u) + q(u). Calculate g(-1).
-12
Let m(l) = 5*l**2 - 1. Let u be m(1). Let t = u + -6. Let w(c) be the second derivative of -c**5/20 - c**4/6 - c**3/3 - c**2/2 + 2*c. What is w(t)?
3
Let x(b) = -b**2 - 4*b + 3. Suppose 22 = -2*g - 3*s, -2*g + 4*s + 1 = g. What is x(g)?
-2
Let d(q) = q**3 - 2 - 2*q**3 + q + 0. Suppose 38 = -3*j - 5*l - 37, -5*j = -4*l + 88. Let m be (-2)/5 + 32/j. What is d(m)?
4
Let k(w) = 3*w**2 - 4*w. Let i(l) = l + 5 + 12*l**2 - 13*l**2 - 4. Let b(x) = -2*i(x) - k(x). Let v(r) = -r. Let d(f) = b(f) + 5*v(f). Determine d(-2).
0
Let y(q) = q**3 - 11*q**2 - 13*q + 18. Let v(k) = 14*k**2 + 2*k. Let i be v(-1). What is y(i)?
6
Let t(a) = -22*a - 2. Let c be t(-1). Suppose 2*z = -2*z + c. Let r(q)